{"id":2,"date":"2016-01-13T20:09:37","date_gmt":"2016-01-13T20:09:37","guid":{"rendered":"http:\/\/canal-literatura.com\/apoesia9\/?page_id=2"},"modified":"2016-06-16T13:50:44","modified_gmt":"2016-06-16T11:50:44","slug":"bases","status":"publish","type":"page","link":"https:\/\/canal-literatura.es\/apoesia9\/bases\/","title":{"rendered":"Bases"},"content":{"rendered":"<h1 style=\"text-align: center;\">Bases del certamen<\/h1>\n<p>&nbsp;<\/p>\n<p><b>\u00a0 \u00a01-<\/b> Podr\u00e1 participar en este certamen cualquier autor mayor de edad que lo desee, <b>con una sola obra<\/b> escrita en espa\u00f1ol.<\/p>\n<p style=\"text-align: justify;\"><b>\u00a0 Quedan excluidos para participar<\/b> los premiados en la edici\u00f3n anterior en cualquiera de sus categor\u00edas (primer premio del certamen y premio especial del p\u00fablico).<\/p>\n<p style=\"text-align: justify;\"><b>\u00a0 \u00a02-<\/b> El tema ser\u00e1 libre.<\/p>\n<p style=\"text-align: justify;\"><b>\u00a0 \u00a03-<\/b> Los trabajos presentados deber\u00e1n ser originales e in\u00e9ditos (incluida la publicaci\u00f3n en Internet) y no premiados ni pendientes de fallos en otros cert\u00e1menes. Cualquier comprobaci\u00f3n en este sentido ser\u00e1 motivo de descalificaci\u00f3n autom\u00e1tica.<\/p>\n<p style=\"text-align: justify;\"><b>\u00a0 \u00a04-<\/b> La extensi\u00f3n de los poemas tendr\u00e1 un l\u00edmite de entre <b>10 versos m\u00ednimo y 60 versos m\u00e1ximo.<\/b><\/p>\n<p style=\"text-align: justify;\"><b>\u00a0 5-<\/b> Las obras deber\u00e1n ser remitidas en soporte inform\u00e1tico a la direcci\u00f3n\u00a0<b>certamen@canal-literatura.com<\/b><b>. El correo electr\u00f3nico deber\u00e1 incluir una imagen del documento de identidad acreditativo<\/b> m\u00e1s\u00a0<b>los siguientes documentos adjuntos <\/b>debidamente cumplimentados en formato de Word:<\/p>\n<p style=\"text-align: justify;\">Puedes descargarlos pinchando en los enlaces siguientes y enviarlos en formato de Word:<\/p>\n<p style=\"text-align: center;\">a)- <strong><a href=\"http:\/\/canal-literatura.com\/fotos\/poesia9\/formulario_plica_Poemas2016.doc\" target=\"_blank\">Formulario Datos del Autor-PLICA<\/a><\/strong><\/p>\n<p style=\"text-align: center;\">b)-<strong><a href=\"http:\/\/canal-literatura.com\/fotos\/poesia9\/declaracion_Poemas2016doc.doc\" target=\"_blank\">Declaraci\u00f3n del autor.<\/a><\/strong><\/p>\n<p style=\"text-align: center;\">c)-<a href=\"http:\/\/canal-literatura.com\/fotos\/poesia9\/Poema_concursante2016.doc\" target=\"_blank\"><strong>Poema, incluyendo t\u00edtulo y seud\u00f3nimo.<\/strong><\/a><\/p>\n<p><center>\u00a0<\/center>&nbsp;<\/p>\n<p style=\"text-align: justify;\"><b>\u00a0 \u00a06-<\/b> El plazo de recepci\u00f3n de originales <strong>finalizar\u00e1 el 27 de mayo de 2016.<\/strong><\/p>\n<p style=\"text-align: justify;\"><b>\u00a0 \u00a07-<\/b> Se otorgar\u00e1n tres premios, que consistir\u00e1n en:<\/p>\n<p style=\"text-align: justify;\"><img loading=\"lazy\" decoding=\"async\" class=\"aligncenter\" src=\"http:\/\/www.canal-literatura.com\/Apoesia4\/Trofeo\/Trofeos-cristalop.jpg\" alt=\"Trofeos\" width=\"300\" height=\"183\" \/><\/p>\n<p style=\"text-align: center;\">\u2022 Primer premio: <strong>200<\/strong><b>\u00a0euro y trofeo<\/b><\/p>\n<p style=\"text-align: center;\">\u2022 Segundo premio: <strong>100<\/strong><b>\u00a0euros y trofeo<\/b><\/p>\n<p style=\"text-align: center;\">\u2022 Tercer premio: <strong>50<\/strong><b>\u00a0euros y trofeo<\/b><\/p>\n<p style=\"text-align: justify;\">\u00a0 \u00a0 \u00a0 \u00a0 \u00a0 \u00a0 \u00a0 \u00a0 \u00a0 \u00a0 \u00a0 \u2022 <b>Premio especial del p\u00fablico:<\/b> <b>Trofeo<\/b>. La dotaci\u00f3n de este premio consistir\u00e1 en la aportaci\u00f3n de los participantes del certamen que deseen contribuir con cualquier cantidad al mismo.<\/p>\n<p style=\"text-align: justify;\"><b>\u00a0 \u00a08-<\/b> Todos los poemas finalistas pasar\u00e1n a formar parte de la secci\u00f3n en la web \u00abPoemas sin Rostro\u00bb en texto y audio.<\/p>\n<p style=\"text-align: justify;\">\u00a0 \u00a0La propiedad de las obras ser\u00e1 de los autores, si bien la Asociaci\u00f3n Canal Literatura se reserva el derecho de <b>la primera publicaci\u00f3n de todas ellas en su portal www.canal-literatura.com durante y despu\u00e9s del certamen indefinidamente, as\u00ed como<\/b> la primera publicaci\u00f3n impresa de los premiados y finalistas en el segundo volumen de <i>Poemas sin Rostro\u00a0<\/i>en caso de decidirse su publicaci\u00f3n y contar con los medios econ\u00f3micos que la posibiliten.<\/p>\n<p style=\"text-align: justify;\"><b>\u00a0 \u00a09-<\/b> Los premios de este certamen no podr\u00e1n declararse desiertos.<\/p>\n<p style=\"text-align: justify;\"><b>\u00a0 10-<\/b> El fallo del jurado, que resolver\u00e1 a su criterio las dudas que pueda plantear la interpretaci\u00f3n de estas bases o cualquier incidencia que pueda surgir durante el desarrollo del certamen, ser\u00e1 inapelable y se har\u00e1 p\u00fablico en la web del canal literatura y en el peri\u00f3dico La Verdad.es.<\/p>\n<p style=\"text-align: justify;\"><b>\u00a0 11-\u00a0<\/b>Si alg\u00fan participante utilizara un seud\u00f3nimo que pudiera ser reconocido o crear alg\u00fan tipo de confusi\u00f3n con los <i>nicks<\/i> (alias) usados habitualmente en Canal Literatura o en cert\u00e1menes anteriores, ser\u00e1 informado v\u00eda correo electr\u00f3nico de esta circunstancia para que proceda al cambio del mismo. En \u00faltimo caso, se le asignar\u00eda un seud\u00f3nimo alfanum\u00e9rico aleatorio para garantizar su total anonimato en todos los \u00e1mbitos del certamen.<\/p>\n<p style=\"text-align: justify;\"><b>\u00a0 12-\u00a0<\/b>De igual forma se advierte a los concursantes <b>que no deben compartir sus relatos en las redes sociales <\/b>( Facebook, Twiter, etc.) <b>hasta la publicaci\u00f3n de los 10 finalistas<\/b> si esto conlleva desvelar la autor\u00eda y la identidad real de los participantes.<b><\/b><\/p>\n<p style=\"text-align: justify;\"><b>\u00a0 13- El concursante o lector debe actuar y comentar individualmente\u00a0<\/b>sin que se perciba que pertenece a ning\u00fan grupo organizado que monopolice la interacci\u00f3n y libre expresi\u00f3n del resto de los participantes. Si se detectara cualquier grupo de estas caracter\u00edsticas ser\u00edan descalificados todos sus miembros.<\/p>\n<p style=\"text-align: justify;\"><b>\u00a014-<\/b> Mantener <b>el anonimato es responsabilidad de cada participante o lector. La vulneraci\u00f3n de<\/b> esta condici\u00f3n ser\u00e1 causa de descalificaci\u00f3n autom\u00e1tica.<\/p>\n<p style=\"text-align: justify;\"><b>\u00a0 15-<\/b> Los poemas que no figuren es esta web trascurrido el plazo de una semana desde su env\u00edo no habr\u00e1n sido admitidos.<\/p>\n<p style=\"text-align: justify;\"><b>\u00a0 16-<\/b> La votaci\u00f3n del p\u00fablico se har\u00e1, una vez finalizado el plazo de presentaci\u00f3n en esta web, por el sistema de estrellas, que aparecer\u00e1n debajo de cada poema. El proceso y las normas de votaci\u00f3n se anunciar\u00e1n una vez finalizado el plazo de entrega de originales.<\/p>\n<p style=\"text-align: justify;\">\u00a0 \u00a0Queremos resaltar desde ahora que todas las votaciones efectuadas consideradas fraudulentas ser\u00e1n borradas. Todas las votaciones duplicadas que se compruebe que proceden de una misma IP ser\u00e1n borradas. Advertimos como cada a\u00f1o que <b>no se dar\u00e1 ninguna explicaci\u00f3n sobre estas decisiones t\u00e9cnicas.<\/b><\/p>\n<p style=\"text-align: center;\"><b>La participaci\u00f3n en el certamen implica la \u00edntegra aceptaci\u00f3n de las presentes bases.<\/b><\/p>\n<p style=\"text-align: justify;\">Recomendamos acceder a la web especial del premio para estar informado correctamente y <b>descargar los formularios originales<\/b> para participar , as\u00ed como las <strong><a href=\"http:\/\/canal-literatura.com\/apoesia9\/normas-de-uso\/\" target=\"_blank\">Normas de uso<\/a>\u00a0en:<\/strong><\/p>\n<p align=\"center\"><a href=\"http:\/\/www.canal-literatura.com\/Apoesia9\/\" target=\"_blank\"><b>http:\/\/www.canal-literatura.com\/Apoesia9\/<\/b><\/a><\/p>\n","protected":false},"excerpt":{"rendered":"<p>Bases del certamen &nbsp; \u00a0 \u00a01- Podr\u00e1 participar en este certamen cualquier autor mayor de edad que lo desee, con una sola obra escrita en espa\u00f1ol. \u00a0 Quedan excluidos para participar los premiados en la edici\u00f3n anterior en cualquiera de sus categor\u00edas (primer premio del certamen y premio especial del p\u00fablico). \u00a0 \u00a02- El tema ser\u00e1 libre. \u00a0 \u00a03- Los trabajos presentados deber\u00e1n ser originales e in\u00e9ditos (incluida la publicaci\u00f3n en Internet) y no premiados ni pendientes de fallos en otros cert\u00e1menes. Cualquier comprobaci\u00f3n en este sentido ser\u00e1 motivo de descalificaci\u00f3n autom\u00e1tica. \u00a0 \u00a04- La extensi\u00f3n de los poemas tendr\u00e1\u2026<\/p>\n<p> <a class=\"continue-reading-link\" href=\"https:\/\/canal-literatura.es\/apoesia9\/bases\/\"><span>Continuar leyendo<\/span><i class=\"crycon-right-dir\"><\/i><\/a> <\/p>\n","protected":false},"author":4,"featured_media":0,"parent":0,"menu_order":0,"comment_status":"open","ping_status":"open","template":"","meta":{"footnotes":""},"class_list":["post-2","page","type-page","status-publish","hentry"],"amp_enabled":true,"_links":{"self":[{"href":"https:\/\/canal-literatura.es\/apoesia9\/wp-json\/wp\/v2\/pages\/2","targetHints":{"allow":["GET"]}}],"collection":[{"href":"https:\/\/canal-literatura.es\/apoesia9\/wp-json\/wp\/v2\/pages"}],"about":[{"href":"https:\/\/canal-literatura.es\/apoesia9\/wp-json\/wp\/v2\/types\/page"}],"author":[{"embeddable":true,"href":"https:\/\/canal-literatura.es\/apoesia9\/wp-json\/wp\/v2\/users\/4"}],"replies":[{"embeddable":true,"href":"https:\/\/canal-literatura.es\/apoesia9\/wp-json\/wp\/v2\/comments?post=2"}],"version-history":[{"count":0,"href":"https:\/\/canal-literatura.es\/apoesia9\/wp-json\/wp\/v2\/pages\/2\/revisions"}],"wp:attachment":[{"href":"https:\/\/canal-literatura.es\/apoesia9\/wp-json\/wp\/v2\/media?parent=2"}],"curies":[{"name":"wp","href":"https:\/\/api.w.org\/{rel}","templated":true}]}}